7
Calculate the remainder when 11914 is divided by 290.
24
Calculate the remainder when 8252 is divided by 907.
89
Calculate the remainder when 16317 is divided by 8157.
3
What is the remainder when 5156 is divided by 75?
56
What is the remainder when 202 is divided by 186?
16
Calculate the remainder when 246778 is divided by 180.
178
What is the remainder when 117110 is divided by 76?
70
What is the remainder when 9738 is divided by 9729?
9
What is the remainder when 4033146 is divided by 22?
18
Calculate the remainder when 1121 is divided by 1078.
43
What is the remainder when 14904 is divided by 28?
8
What is the remainder when 20629 is divided by 68?
25
What is the remainder when 11458 is divided by 10462?
996
What is the remainder when 122999 is divided by 30?
29
What is the remainder when 19609 is divided by 9795?
19
What is the remainder when 9853 is divided by 59?
0
What is the remainder when 106271 is divided by 420?
11
Calculate the remainder when 60409 is divided by 20110.
79
Calculate the remainder when 225493 is divided by 71.
68
Calculate the remainder when 6683 is divided by 80.
43
Calculate the remainder when 10019 is divided by 325.
269
Calculate the remainder when 13493 is divided by 926.
529
What is the remainder when 33095 is divided by 84?
83
What is the remainder when 6327 is divided by 211?
208
Calculate the remainder when 97388 is divided by 109.
51
Calculate the remainder when 1361 is divided by 303.
149
What is the remainder when 13748 is divided by 139?
126
What is the remainder when 14133 is divided by 108?
93
Calculate the remainder when 50029 is divided by 184.
165
Calculate the remainder when 30473 is divided by 256.
9
Calculate the remainder when 77369 is divided by 6447.
5
Calculate the remainder when 4959 is divided by 4586.
373
Calculate the remainder when 4231 is divided by 698.
43
Calculate the remainder when 588435 is divided by 1794.
3
What is the remainder when 12307 is divided by 3982?
361
What is the remainder when 300348 is divided by 839?
825
Calculate the remainder when 11211 is divided by 3666.
213
Calculate the remainder when 2413258 is divided by 27.
25
What is the remainder when 3714 is divided by 1798?
118
What is the remainder when 363532 is divided by 1105?
1092
What is the remainder when 22558 is divided by 1879?
10
What is the remainder when 134721 is divided by 218?
215
What is the remainder when 4396 is divided by 1099?
0
What is the remainder when 135889 is divided by 1282?
1279
Calculate the remainder when 38634 is divided by 7717.
49
Calculate the remainder when 1054 is divided by 56.
46
Calculate the remainder when 59507 is divided by 228.
227
Calculate the remainder when 1552376 is divided by 310474.
6
Calculate the remainder when 1938 is divided by 387.
3
What is the remainder when 255221 is divided by 9?
8
What is the remainder when 44578 is divided by 557?
18
Calculate the remainder when 11682 is divided by 552.
90
Calculate the remainder when 13284 is divided by 33.
18
What is the remainder when 30667 is divided by 1533?
7
What is the remainder when 10030 is divided by 3092?
754
Calculate the remainder when 10831 is divided by 3339.
814
What is the remainder when 48402 is divided by 9680?
2
Calculate the remainder when 23885 is divided by 86.
63
Calculate the remainder when 4434 is divided by 2136.
162
What is the remainder when 2497 is divided by 1234?
29
Calculate the remainder when 50019 is divided by 126.
123
Calculate the remainder when 13839 is divided by 1536.
15
Calculate the remainder when 1922 is divided by 1539.
383
Calculate the remainder when 387045 is divided by 97.
15
Calculate the remainder when 7067 is divided by 18.
11
Calculate the remainder when 32975 is divided by 49.
47
Calculate the remainder when 824275 is divided by 22.
1
Calculate the remainder when 116380 is divided by 32.
28
Calculate the remainder when 13730 is divided by 6843.
44
Calculate the remainder when 21037 is divided by 1051.
17
What is the remainder when 9205 is divided by 460?
5
Calculate the remainder when 11604 is divided by 258.
252
What is the remainder when 47509 is divided by 731?
725
What is the remainder when 305905 is divided by 2053?
8
Calculate the remainder when 7740 is divided by 74.
44
What is the remainder when 290 is divided by 138?
14
What is the remainder when 1948 is divided by 14?
2
Calculate the remainder when 380896 is divided by 83.
9
Calculate the remainder when 70789 is divided by 853.
843
Calculate the remainder when 6528 is divided by 109.
97
Calculate the remainder when 2146 is divided by 1930.
216
Calculate the remainder when 1593 is divided by 685.
223
Calculate the remainder when 6045 is divided by 39.
0
What is the remainder when 8640 is divided by 1678?
250
What is the remainder when 573 is divided by 30?
3
Calculate the remainder when 98098 is divided by 832.
754
What is the remainder when 6835 is divided by 286?
257
What is the remainder when 21014 is divided by 3492?
62
What is the remainder when 2670 is divided by 820?
210
Calculate the remainder when 1164538 is divided by 59.
55
What is the remainder when 12093 is divided by 3020?
13
Calculate the remainder when 6941 is divided by 751.
182
What is the remainder when 2440 is divided by 198?
64
What is the remainder when 310081 is divided by 816?
1
Calculate the remainder when 954 is divided by 896.
58
What is the remainder when 9891 is divided by 4932?
27
Calculate the remainder when 3745 is divided by 150.
145
Calculate the remainder when 16434 is divided by 632.
2
What is the remainder when 135 is divided by 77?
58
Calculate the remainder when 11242 is divided by 4417.
2408
What is the remainder when 1011019 is divided by 1062?
1057
Calculate the remainder when 2828 is divided by 706.
4
Calculate the remainder when 12456 is divided by 511.
192
What is the remainder when 3628 is divided by 1244?
1140
What is the remainder when 14873 is divided by 781?
34
What is the remainder when 1702 is divided by 129?
25
Calculate the remainder when 125629 is divided by 604.
601
What is the remainder when 1105 is divided by 1094?
11
What is the remainder when 113303 is divided by 136?
15
What is the remainder when 3339 is divided by 26?
11
What is the remainder when 46001 is divided by 217?
214
What is the remainder when 29597 is divided by 822?
5
Calculate the remainder when 13790 is divided by 3445.
10
What is the remainder when 6180 is divided by 713?
476
Calculate the remainder when 54244 is divided by 116.
72
Calculate the remainder when 4196537 is divided by 212.
209
What is the remainder when 47745 is divided by 11936?
1
What is the remainder when 113367 is divided by 18894?
3
Calculate the remainder when 2018 is divided by 266.
156
Calculate the remainder when 27115 is divided by 119.
102
What is the remainder when 526 is divided by 17?
16
What is the remainder when 35002 is divided by 6?
4
Calculate the remainder when 564730 is divided by 282354.
22
Calculate the remainder when 5061 is divided by 138.
93
Calculate the remainder when 16766 is divided by 697.
38
Calculate the remainder when 1563 is divided by 259.
9
Calculate the remainder when 5128 is divided by 1690.
58
Calculate the remainder when 24095 is divided by 12041.
13
What is the remainder when 131138 is divided by 22?
18
Calculate the remainder when 214015 is divided by 29.
24
Calculate the remainder when 8170 is divided by 326.
20
What is the remainder when 3978 is divided by 35?
23
What is the remainder when 5920 is divided by 2785?
350
What is the remainder when 21382 is divided by 2374?
16
Calculate the remainder when 5053 is divided by 22.
15
Calculate the remainder when 19633 is divided by 15.
13
What is the remainder when 706117 is divided by 31?
30
Calculate the remainder when 3281 is divided by 331.
302
What is the remainder when 348931 is divided by 727?
698
Calculate the remainder when 79741 is divided by 2658.
1
Calculate the remainder when 210950 is divided by 9.
8
Calculate the remainder when 2126 is divided by 86.
62
What is the remainder when 21378 is divided by 737?
5
Calculate the remainder when 1535 is divided by 119.
107
What is the remainder when 241111 is divided by 71?
66
Calculate the remainder when 397396 is divided b